{"id":9,"date":"2019-09-10T12:56:37","date_gmt":"2019-09-10T10:56:37","guid":{"rendered":"http:\/\/radziszewski.home.pl\/pukwp\/?page_id=9"},"modified":"2026-03-19T11:26:39","modified_gmt":"2026-03-19T10:26:39","slug":"9-2","status":"publish","type":"page","link":"https:\/\/pukchojna.pl\/","title":{"rendered":"Strona g\u0142\u00f3wna"},"content":{"rendered":"\t\t<div data-elementor-type=\"wp-page\" data-elementor-id=\"9\" class=\"elementor elementor-9\" data-elementor-post-type=\"page\">\n\t\t\t\t\t\t<section class=\"elementor-section elementor-top-section elementor-element elementor-element-8ccec45 elementor-section-boxed elementor-section-height-default elementor-section-height-default\" data-id=\"8ccec45\" data-element_type=\"section\" data-e-type=\"section\">\n\t\t\t\t\t\t<div class=\"elementor-container elementor-column-gap-default\">\n\t\t\t\t\t<div class=\"elementor-column elementor-col-100 elementor-top-column elementor-element elementor-element-3c78d04\" data-id=\"3c78d04\" data-element_type=\"column\" data-e-type=\"column\">\n\t\t\t<div class=\"elementor-widget-wrap elementor-element-populated\">\n\t\t\t\t\t\t<div class=\"elementor-element elementor-element-a93c1ef elementor-widget elementor-widget-text-editor\" data-id=\"a93c1ef\" data-element_type=\"widget\" data-e-type=\"widget\" data-widget_type=\"text-editor.default\">\n\t\t\t\t<div class=\"elementor-widget-container\">\n\t\t\t\t\t\t\t\t\t<p><strong>W dniu 04.04.2026 (Wielka Sobota)<\/strong><br \/><strong> PSZOK \u2013 Kaliska <\/strong><br \/><strong>nie b\u0119dzie czynny<\/strong><\/p>\t\t\t\t\t\t\t\t<\/div>\n\t\t\t\t<\/div>\n\t\t\t\t\t<\/div>\n\t\t<\/div>\n\t\t\t\t\t<\/div>\n\t\t<\/section>\n\t\t\t\t<section class=\"elementor-section elementor-top-section elementor-element elementor-element-3724827 elementor-section-boxed elementor-section-height-default elementor-section-height-default\" data-id=\"3724827\" data-element_type=\"section\" data-e-type=\"section\">\n\t\t\t\t\t\t<div class=\"elementor-container elementor-column-gap-default\">\n\t\t\t\t\t<div class=\"elementor-column elementor-col-100 elementor-top-column elementor-element elementor-element-cb3913f\" data-id=\"cb3913f\" data-element_type=\"column\" data-e-type=\"column\">\n\t\t\t<div class=\"elementor-widget-wrap elementor-element-populated\">\n\t\t\t\t\t\t<div class=\"elementor-element elementor-element-6a6db5f elementor-grid-3 elementor-grid-tablet-2 elementor-grid-mobile-1 elementor-posts--thumbnail-top elementor-widget elementor-widget-posts\" data-id=\"6a6db5f\" data-element_type=\"widget\" data-e-type=\"widget\" data-settings=\"{&quot;classic_columns&quot;:&quot;3&quot;,&quot;classic_columns_tablet&quot;:&quot;2&quot;,&quot;classic_columns_mobile&quot;:&quot;1&quot;,&quot;classic_row_gap&quot;:{&quot;unit&quot;:&quot;px&quot;,&quot;size&quot;:35,&quot;sizes&quot;:[]},&quot;classic_row_gap_tablet&quot;:{&quot;unit&quot;:&quot;px&quot;,&quot;size&quot;:&quot;&quot;,&quot;sizes&quot;:[]},&quot;classic_row_gap_mobile&quot;:{&quot;unit&quot;:&quot;px&quot;,&quot;size&quot;:&quot;&quot;,&quot;sizes&quot;:[]}}\" data-widget_type=\"posts.classic\">\n\t\t\t\t<div class=\"elementor-widget-container\">\n\t\t\t\t\t\t\t<div class=\"elementor-posts-container elementor-posts elementor-posts--skin-classic elementor-grid\" role=\"list\">\n\t\t\t\t<article class=\"elementor-post elementor-grid-item post-2260 post type-post status-publish format-standard hentry category-strona-glowna entry\" role=\"listitem\">\n\t\t\t\t<div class=\"elementor-post__text\">\n\t\t\t\t<h3 class=\"elementor-post__title\">\n\t\t\t<a href=\"https:\/\/pukchojna.pl\/index.php\/2026\/01\/05\/harmonogram-odbioru-odpadow-zmieszanych-2026\/\" >\n\t\t\t\tHarmonogram odbioru odpad\u00f3w zmieszanych 2026\t\t\t<\/a>\n\t\t<\/h3>\n\t\t\t\t<div class=\"elementor-post__meta-data\">\n\t\t\t\t\t<span class=\"elementor-post-date\">\n\t\t\t5 stycznia 2026\t\t<\/span>\n\t\t\t\t<\/div>\n\t\t\t\t<div class=\"elementor-post__excerpt\">\n\t\t\t<p>Harmonogram odbioru odpad\u00f3w komunalnych zmieszanych \u2013 2026 Miasto i Gmina Chojna Poniedzia\u0142ek Wtorek \u015aroda Czwartek Pi\u0105tek Poniedzia\u0142ek Lotnisko \u2013 bloki wielorodzinne i podmioty gospodarcze (ca\u0142o\u015b\u0107),<\/p>\n\t\t<\/div>\n\t\t\n\t\t<a class=\"elementor-post__read-more\" href=\"https:\/\/pukchojna.pl\/index.php\/2026\/01\/05\/harmonogram-odbioru-odpadow-zmieszanych-2026\/\" aria-label=\"Read more about Harmonogram odbioru odpad\u00f3w zmieszanych 2026\" tabindex=\"-1\" >\n\t\t\tCzytaj wi\u0119cej \u00bb\t\t<\/a>\n\n\t\t\t\t<\/div>\n\t\t\t\t<\/article>\n\t\t\t\t<article class=\"elementor-post elementor-grid-item post-2599 post type-post status-publish format-standard hentry category-bez-kategorii entry\" role=\"listitem\">\n\t\t\t\t<div class=\"elementor-post__text\">\n\t\t\t\t<h3 class=\"elementor-post__title\">\n\t\t\t<a href=\"https:\/\/pukchojna.pl\/index.php\/2026\/01\/05\/harmonogram-odbioru-odpadow-wielkogabarytowych-gmina-widuchowa-2026\/\" >\n\t\t\t\tHarmonogram odbioru odpad\u00f3w wielkogabarytowych Gmina Widuchowa 2026\t\t\t<\/a>\n\t\t<\/h3>\n\t\t\t\t<div class=\"elementor-post__meta-data\">\n\t\t\t\t\t<span class=\"elementor-post-date\">\n\t\t\t5 stycznia 2026\t\t<\/span>\n\t\t\t\t<\/div>\n\t\t\t\t<div class=\"elementor-post__excerpt\">\n\t\t\t<p>Harmonogram odbioru odpad\u00f3w wielkogabarytowych Gmina Widuchowa \u2013 czerwiec 2026 Widuchowa, Lubiczyn, Widuchowa Stacja, Widuch\u00f3wko Termin odbioru: 15 czerwca 2026 Bolkowice, Czarn\u00f3wko, D\u0119bog\u00f3ra, Lubicz, Marwice, Pachol\u0119ta<\/p>\n\t\t<\/div>\n\t\t\n\t\t<a class=\"elementor-post__read-more\" href=\"https:\/\/pukchojna.pl\/index.php\/2026\/01\/05\/harmonogram-odbioru-odpadow-wielkogabarytowych-gmina-widuchowa-2026\/\" aria-label=\"Read more about Harmonogram odbioru odpad\u00f3w wielkogabarytowych Gmina Widuchowa 2026\" tabindex=\"-1\" >\n\t\t\tCzytaj wi\u0119cej \u00bb\t\t<\/a>\n\n\t\t\t\t<\/div>\n\t\t\t\t<\/article>\n\t\t\t\t<article class=\"elementor-post elementor-grid-item post-2562 post type-post status-publish format-standard hentry category-bez-kategorii entry\" role=\"listitem\">\n\t\t\t\t<div class=\"elementor-post__text\">\n\t\t\t\t<h3 class=\"elementor-post__title\">\n\t\t\t<a href=\"https:\/\/pukchojna.pl\/index.php\/2026\/01\/05\/elementor-2562\/\" >\n\t\t\t\tHarmonogram odbioru odpad\u00f3w komunalnych z terenu Gminy Widuchowa 2026 rok\t\t\t<\/a>\n\t\t<\/h3>\n\t\t\t\t<div class=\"elementor-post__meta-data\">\n\t\t\t\t\t<span class=\"elementor-post-date\">\n\t\t\t5 stycznia 2026\t\t<\/span>\n\t\t\t\t<\/div>\n\t\t\t\t<div class=\"elementor-post__excerpt\">\n\t\t\t<p>Harmonogram odbioru odpad\u00f3w komunalnych z terenu Gminy Widuchowa 2026 rok Odpady zmieszane Metale \/ papier \/ szk\u0142o Odpady biodegradowalne Widuchowa, Lubiczyn, Widuch\u00f3wko, Widuchowa Stacja I<\/p>\n\t\t<\/div>\n\t\t\n\t\t<a class=\"elementor-post__read-more\" href=\"https:\/\/pukchojna.pl\/index.php\/2026\/01\/05\/elementor-2562\/\" aria-label=\"Read more about Harmonogram odbioru odpad\u00f3w komunalnych z terenu Gminy Widuchowa 2026 rok\" tabindex=\"-1\" >\n\t\t\tCzytaj wi\u0119cej \u00bb\t\t<\/a>\n\n\t\t\t\t<\/div>\n\t\t\t\t<\/article>\n\t\t\t\t<article class=\"elementor-post elementor-grid-item post-2516 post type-post status-publish format-standard hentry category-bez-kategorii entry\" role=\"listitem\">\n\t\t\t\t<div class=\"elementor-post__text\">\n\t\t\t\t<h3 class=\"elementor-post__title\">\n\t\t\t<a href=\"https:\/\/pukchojna.pl\/index.php\/2026\/01\/05\/elementor-2516\/\" >\n\t\t\t\tHarmonogram odbioru odpad\u00f3w segregowanych dla wsp\u00f3lnot na terenie Gminy Chojna w roku 2026\t\t\t<\/a>\n\t\t<\/h3>\n\t\t\t\t<div class=\"elementor-post__meta-data\">\n\t\t\t\t\t<span class=\"elementor-post-date\">\n\t\t\t5 stycznia 2026\t\t<\/span>\n\t\t\t\t<\/div>\n\t\t\t\t<div class=\"elementor-post__excerpt\">\n\t\t\t<p>Harmonogram odbioru odpad\u00f3w segregowanych dla wsp\u00f3lnot &#8211; 2026 Gmina Chojna Papier Bio Zmieszane opakowaniowe Szk\u0142o Opakowania z tektury i papieru (15 01 01) \u2013 odbi\u00f3r:<\/p>\n\t\t<\/div>\n\t\t\n\t\t<a class=\"elementor-post__read-more\" href=\"https:\/\/pukchojna.pl\/index.php\/2026\/01\/05\/elementor-2516\/\" aria-label=\"Read more about Harmonogram odbioru odpad\u00f3w segregowanych dla wsp\u00f3lnot na terenie Gminy Chojna w roku 2026\" tabindex=\"-1\" >\n\t\t\tCzytaj wi\u0119cej \u00bb\t\t<\/a>\n\n\t\t\t\t<\/div>\n\t\t\t\t<\/article>\n\t\t\t\t<article class=\"elementor-post elementor-grid-item post-2167 post type-post status-publish format-standard hentry category-bez-kategorii entry\" role=\"listitem\">\n\t\t\t\t<div class=\"elementor-post__text\">\n\t\t\t\t<h3 class=\"elementor-post__title\">\n\t\t\t<a href=\"https:\/\/pukchojna.pl\/index.php\/2026\/01\/01\/harmonogram-odbioru-odpadow-segregowanych-na-terenie-gminy-chojna-w-roku-2026\/\" >\n\t\t\t\tHarmonogram odbioru odpad\u00f3w segregowanych na terenie Gminy Chojna w roku 2026\t\t\t<\/a>\n\t\t<\/h3>\n\t\t\t\t<div class=\"elementor-post__meta-data\">\n\t\t\t\t\t<span class=\"elementor-post-date\">\n\t\t\t1 stycznia 2026\t\t<\/span>\n\t\t\t\t<\/div>\n\t\t\t\t<div class=\"elementor-post__excerpt\">\n\t\t\t<p>HARMONOGRAM ODBIORU ODPAD\u00d3W SEGREGOWANYCH NA TERENIE GMINY CHOJNA W ROKU 2026 WORKI POWINNY BY\u0106 WYSTAWIONE DO GODZINY 06:00 W WYZNACZONYM DNIU ODBIORU DO TRASY PRZEJAZDU,<\/p>\n\t\t<\/div>\n\t\t\n\t\t<a class=\"elementor-post__read-more\" href=\"https:\/\/pukchojna.pl\/index.php\/2026\/01\/01\/harmonogram-odbioru-odpadow-segregowanych-na-terenie-gminy-chojna-w-roku-2026\/\" aria-label=\"Read more about Harmonogram odbioru odpad\u00f3w segregowanych na terenie Gminy Chojna w roku 2026\" tabindex=\"-1\" >\n\t\t\tCzytaj wi\u0119cej \u00bb\t\t<\/a>\n\n\t\t\t\t<\/div>\n\t\t\t\t<\/article>\n\t\t\t\t<article class=\"elementor-post elementor-grid-item post-2090 post type-post status-publish format-standard hentry category-bez-kategorii entry\" role=\"listitem\">\n\t\t\t\t<div class=\"elementor-post__text\">\n\t\t\t\t<h3 class=\"elementor-post__title\">\n\t\t\t<a href=\"https:\/\/pukchojna.pl\/index.php\/2026\/01\/01\/harmonogram-odbioru-odpadow-gabarytowych-na-terenie-miasta-i-gminy-chojna-na-rok-2026r\/\" >\n\t\t\t\tHarmonogram odbioru odpad\u00f3w gabarytowych na terenie miasta i Gminy Chojna na rok 2026r.\t\t\t<\/a>\n\t\t<\/h3>\n\t\t\t\t<div class=\"elementor-post__meta-data\">\n\t\t\t\t\t<span class=\"elementor-post-date\">\n\t\t\t1 stycznia 2026\t\t<\/span>\n\t\t\t\t<\/div>\n\t\t\t\t<div class=\"elementor-post__excerpt\">\n\t\t\t<p>HARMONOGRAM ODBIORU ODPAD\u00d3W GABARYTOWYCH NA TERENIE MIASTA I GMINY CHOJNA NA ROK 2026r. Dzie\u0144 tygodnia Miejscowo\u015b\u0107\/Ulice Wrzesie\u0144 PONIEDZIA\u0141EK CHOJNA REJON 1: TRAKT PYRZYCKI, ZIELONA, S\u0141OWIA\u0143SKA,<\/p>\n\t\t<\/div>\n\t\t\n\t\t<a class=\"elementor-post__read-more\" href=\"https:\/\/pukchojna.pl\/index.php\/2026\/01\/01\/harmonogram-odbioru-odpadow-gabarytowych-na-terenie-miasta-i-gminy-chojna-na-rok-2026r\/\" aria-label=\"Read more about Harmonogram odbioru odpad\u00f3w gabarytowych na terenie miasta i Gminy Chojna na rok 2026r.\" tabindex=\"-1\" >\n\t\t\tCzytaj wi\u0119cej \u00bb\t\t<\/a>\n\n\t\t\t\t<\/div>\n\t\t\t\t<\/article>\n\t\t\t\t<\/div>\n\t\t\n\t\t\t\t\t\t<\/div>\n\t\t\t\t<\/div>\n\t\t\t\t\t<\/div>\n\t\t<\/div>\n\t\t\t\t\t<\/div>\n\t\t<\/section>\n\t\t\t\t<\/div>\n\t\t","protected":false},"excerpt":{"rendered":"<p>W dniu 04.04.2026 (Wielka Sobota) PSZOK \u2013 Kaliska nie b\u0119dzie czynny<\/p>\n","protected":false},"author":1,"featured_media":0,"parent":0,"menu_order":0,"comment_status":"closed","ping_status":"closed","template":"","meta":{"footnotes":""},"class_list":["post-9","page","type-page","status-publish","hentry","entry"],"_links":{"self":[{"href":"https:\/\/pukchojna.pl\/index.php\/wp-json\/wp\/v2\/pages\/9","targetHints":{"allow":["GET"]}}],"collection":[{"href":"https:\/\/pukchojna.pl\/index.php\/wp-json\/wp\/v2\/pages"}],"about":[{"href":"https:\/\/pukchojna.pl\/index.php\/wp-json\/wp\/v2\/types\/page"}],"author":[{"embeddable":true,"href":"https:\/\/pukchojna.pl\/index.php\/wp-json\/wp\/v2\/users\/1"}],"replies":[{"embeddable":true,"href":"https:\/\/pukchojna.pl\/index.php\/wp-json\/wp\/v2\/comments?post=9"}],"version-history":[{"count":217,"href":"https:\/\/pukchojna.pl\/index.php\/wp-json\/wp\/v2\/pages\/9\/revisions"}],"predecessor-version":[{"id":2711,"href":"https:\/\/pukchojna.pl\/index.php\/wp-json\/wp\/v2\/pages\/9\/revisions\/2711"}],"wp:attachment":[{"href":"https:\/\/pukchojna.pl\/index.php\/wp-json\/wp\/v2\/media?parent=9"}],"curies":[{"name":"wp","href":"https:\/\/api.w.org\/{rel}","templated":true}]}}

Strona główna

<div data-elementor-type="wp-page" data-elementor-id="9" class="elementor elementor-9" data-elementor-post-type="page">
						<section class="elementor-section elementor-top-section elementor-element elementor-element-8ccec45 elementor-section-boxed elementor-section-height-default elementor-section-height-default" data-id="8ccec45" data-element_type="section" data-e-type="section">
						<div class="elementor-container elementor-column-gap-default">
					<div class="elementor-column elementor-col-100 elementor-top-column elementor-element elementor-element-3c78d04" data-id="3c78d04" data-element_type="column" data-e-type="column">
			<div class="elementor-widget-wrap elementor-element-populated">
						<div class="elementor-element elementor-element-a93c1ef elementor-widget elementor-widget-text-editor" data-id="a93c1ef" data-element_type="widget" data-e-type="widget" data-widget_type="text-editor.default">
				<div class="elementor-widget-container">
									<p><strong>W dniu 04.04.2026 (Wielka Sobota)</strong><br /><strong> PSZOK – Kaliska </strong><br /><strong>nie będzie czynny</strong></p>								</div>
				</div>
					</div>
		</div>
					</div>
		</section>
				<section class="elementor-section elementor-top-section elementor-element elementor-element-3724827 elementor-section-boxed elementor-section-height-default elementor-section-height-default" data-id="3724827" data-element_type="section" data-e-type="section">
						<div class="elementor-container elementor-column-gap-default">
					<div class="elementor-column elementor-col-100 elementor-top-column elementor-element elementor-element-cb3913f" data-id="cb3913f" data-element_type="column" data-e-type="column">
			<div class="elementor-widget-wrap elementor-element-populated">
						<div class="elementor-element elementor-element-6a6db5f elementor-grid-3 elementor-grid-tablet-2 elementor-grid-mobile-1 elementor-posts--thumbnail-top elementor-widget elementor-widget-posts" data-id="6a6db5f" data-element_type="widget" data-e-type="widget" data-settings="{&quot;classic_columns&quot;:&quot;3&quot;,&quot;classic_columns_tablet&quot;:&quot;2&quot;,&quot;classic_columns_mobile&quot;:&quot;1&quot;,&quot;classic_row_gap&quot;:{&quot;unit&quot;:&quot;px&quot;,&quot;size&quot;:35,&quot;sizes&quot;:[]},&quot;classic_row_gap_tablet&quot;:{&quot;unit&quot;:&quot;px&quot;,&quot;size&quot;:&quot;&quot;,&quot;sizes&quot;:[]},&quot;classic_row_gap_mobile&quot;:{&quot;unit&quot;:&quot;px&quot;,&quot;size&quot;:&quot;&quot;,&quot;sizes&quot;:[]}}" data-widget_type="posts.classic">
				<div class="elementor-widget-container">
							<div class="elementor-posts-container elementor-posts elementor-posts--skin-classic elementor-grid" role="list">
				<article class="elementor-post elementor-grid-item post-2260 post type-post status-publish format-standard hentry category-strona-glowna entry" role="listitem">
				<div class="elementor-post__text">
				<h3 class="elementor-post__title">
			<a href="https://pukchojna.pl/index.php/2026/01/05/harmonogram-odbioru-odpadow-zmieszanych-2026/" >
				Harmonogram odbioru odpadów zmieszanych 2026			</a>
		</h3>
				<div class="elementor-post__meta-data">
					<span class="elementor-post-date">
			5 stycznia 2026		</span>
				</div>
				<div class="elementor-post__excerpt">
			<p>Harmonogram odbioru odpadów komunalnych zmieszanych – 2026 Miasto i Gmina Chojna Poniedziałek Wtorek Środa Czwartek Piątek Poniedziałek Lotnisko – bloki wielorodzinne i podmioty gospodarcze (całość),</p>
		</div>
		
		<a class="elementor-post__read-more" href="https://pukchojna.pl/index.php/2026/01/05/harmonogram-odbioru-odpadow-zmieszanych-2026/" aria-label="Read more about Harmonogram odbioru odpadów zmieszanych 2026" tabindex="-1" >
			Czytaj więcej »		</a>

				</div>
				</article>
				<article class="elementor-post elementor-grid-item post-2599 post type-post status-publish format-standard hentry category-bez-kategorii entry" role="listitem">
				<div class="elementor-post__text">
				<h3 class="elementor-post__title">
			<a href="https://pukchojna.pl/index.php/2026/01/05/harmonogram-odbioru-odpadow-wielkogabarytowych-gmina-widuchowa-2026/" >
				Harmonogram odbioru odpadów wielkogabarytowych Gmina Widuchowa 2026			</a>
		</h3>
				<div class="elementor-post__meta-data">
					<span class="elementor-post-date">
			5 stycznia 2026		</span>
				</div>
				<div class="elementor-post__excerpt">
			<p>Harmonogram odbioru odpadów wielkogabarytowych Gmina Widuchowa – czerwiec 2026 Widuchowa, Lubiczyn, Widuchowa Stacja, Widuchówko Termin odbioru: 15 czerwca 2026 Bolkowice, Czarnówko, Dębogóra, Lubicz, Marwice, Pacholęta</p>
		</div>
		
		<a class="elementor-post__read-more" href="https://pukchojna.pl/index.php/2026/01/05/harmonogram-odbioru-odpadow-wielkogabarytowych-gmina-widuchowa-2026/" aria-label="Read more about Harmonogram odbioru odpadów wielkogabarytowych Gmina Widuchowa 2026" tabindex="-1" >
			Czytaj więcej »		</a>

				</div>
				</article>
				<article class="elementor-post elementor-grid-item post-2562 post type-post status-publish format-standard hentry category-bez-kategorii entry" role="listitem">
				<div class="elementor-post__text">
				<h3 class="elementor-post__title">
			<a href="https://pukchojna.pl/index.php/2026/01/05/elementor-2562/" >
				Harmonogram odbioru odpadów komunalnych z terenu Gminy Widuchowa 2026 rok			</a>
		</h3>
				<div class="elementor-post__meta-data">
					<span class="elementor-post-date">
			5 stycznia 2026		</span>
				</div>
				<div class="elementor-post__excerpt">
			<p>Harmonogram odbioru odpadów komunalnych z terenu Gminy Widuchowa 2026 rok Odpady zmieszane Metale / papier / szkło Odpady biodegradowalne Widuchowa, Lubiczyn, Widuchówko, Widuchowa Stacja I</p>
		</div>
		
		<a class="elementor-post__read-more" href="https://pukchojna.pl/index.php/2026/01/05/elementor-2562/" aria-label="Read more about Harmonogram odbioru odpadów komunalnych z terenu Gminy Widuchowa 2026 rok" tabindex="-1" >
			Czytaj więcej »		</a>

				</div>
				</article>
				<article class="elementor-post elementor-grid-item post-2516 post type-post status-publish format-standard hentry category-bez-kategorii entry" role="listitem">
				<div class="elementor-post__text">
				<h3 class="elementor-post__title">
			<a href="https://pukchojna.pl/index.php/2026/01/05/elementor-2516/" >
				Harmonogram odbioru odpadów segregowanych dla wspólnot na terenie Gminy Chojna w roku 2026			</a>
		</h3>
				<div class="elementor-post__meta-data">
					<span class="elementor-post-date">
			5 stycznia 2026		</span>
				</div>
				<div class="elementor-post__excerpt">
			<p>Harmonogram odbioru odpadów segregowanych dla wspólnot &#8211; 2026 Gmina Chojna Papier Bio Zmieszane opakowaniowe Szkło Opakowania z tektury i papieru (15 01 01) – odbiór:</p>
		</div>
		
		<a class="elementor-post__read-more" href="https://pukchojna.pl/index.php/2026/01/05/elementor-2516/" aria-label="Read more about Harmonogram odbioru odpadów segregowanych dla wspólnot na terenie Gminy Chojna w roku 2026" tabindex="-1" >
			Czytaj więcej »		</a>

				</div>
				</article>
				<article class="elementor-post elementor-grid-item post-2167 post type-post status-publish format-standard hentry category-bez-kategorii entry" role="listitem">
				<div class="elementor-post__text">
				<h3 class="elementor-post__title">
			<a href="https://pukchojna.pl/index.php/2026/01/01/harmonogram-odbioru-odpadow-segregowanych-na-terenie-gminy-chojna-w-roku-2026/" >
				Harmonogram odbioru odpadów segregowanych na terenie Gminy Chojna w roku 2026			</a>
		</h3>
				<div class="elementor-post__meta-data">
					<span class="elementor-post-date">
			1 stycznia 2026		</span>
				</div>
				<div class="elementor-post__excerpt">
			<p>HARMONOGRAM ODBIORU ODPADÓW SEGREGOWANYCH NA TERENIE GMINY CHOJNA W ROKU 2026 WORKI POWINNY BYĆ WYSTAWIONE DO GODZINY 06:00 W WYZNACZONYM DNIU ODBIORU DO TRASY PRZEJAZDU,</p>
		</div>
		
		<a class="elementor-post__read-more" href="https://pukchojna.pl/index.php/2026/01/01/harmonogram-odbioru-odpadow-segregowanych-na-terenie-gminy-chojna-w-roku-2026/" aria-label="Read more about Harmonogram odbioru odpadów segregowanych na terenie Gminy Chojna w roku 2026" tabindex="-1" >
			Czytaj więcej »		</a>

				</div>
				</article>
				<article class="elementor-post elementor-grid-item post-2090 post type-post status-publish format-standard hentry category-bez-kategorii entry" role="listitem">
				<div class="elementor-post__text">
				<h3 class="elementor-post__title">
			<a href="https://pukchojna.pl/index.php/2026/01/01/harmonogram-odbioru-odpadow-gabarytowych-na-terenie-miasta-i-gminy-chojna-na-rok-2026r/" >
				Harmonogram odbioru odpadów gabarytowych na terenie miasta i Gminy Chojna na rok 2026r.			</a>
		</h3>
				<div class="elementor-post__meta-data">
					<span class="elementor-post-date">
			1 stycznia 2026		</span>
				</div>
				<div class="elementor-post__excerpt">
			<p>HARMONOGRAM ODBIORU ODPADÓW GABARYTOWYCH NA TERENIE MIASTA I GMINY CHOJNA NA ROK 2026r. Dzień tygodnia Miejscowość/Ulice Wrzesień PONIEDZIAŁEK CHOJNA REJON 1: TRAKT PYRZYCKI, ZIELONA, SŁOWIAŃSKA,</p>
		</div>
		
		<a class="elementor-post__read-more" href="https://pukchojna.pl/index.php/2026/01/01/harmonogram-odbioru-odpadow-gabarytowych-na-terenie-miasta-i-gminy-chojna-na-rok-2026r/" aria-label="Read more about Harmonogram odbioru odpadów gabarytowych na terenie miasta i Gminy Chojna na rok 2026r." tabindex="-1" >
			Czytaj więcej »		</a>

				</div>
				</article>
				</div>
		
						</div>
				</div>
					</div>
		</div>
					</div>
		</section>
				</div>

<p>W dniu 04.04.2026 (Wielka Sobota) PSZOK – Kaliska nie będzie czynny</p>
